{"id":2414,"date":"2020-06-17T09:33:03","date_gmt":"2020-06-17T08:33:03","guid":{"rendered":"https:\/\/www.dalmatien-online.de\/?page_id=2414"},"modified":"2020-06-27T10:22:51","modified_gmt":"2020-06-27T09:22:51","slug":"omis-die-festung-starigrad","status":"publish","type":"page","link":"https:\/\/www.dalmatien-online.de\/de\/omis-die-festung-starigrad\/","title":{"rendered":"Omi\u0161 &#8211; die Festung Starigrad"},"content":{"rendered":"\n<figure class=\"wp-block-image size-large\"><img loading=\"lazy\" decoding=\"async\" width=\"1024\" height=\"247\" src=\"https:\/\/www.dalmatien-online.de\/wp-content\/uploads\/2020\/06\/0-D-O-Starigrad-fortress-t-1024x247.jpg\" alt=\"\" class=\"wp-image-3308\" srcset=\"https:\/\/www.dalmatien-online.de\/wp-content\/uploads\/2020\/06\/0-D-O-Starigrad-fortress-t-1024x247.jpg 1024w, https:\/\/www.dalmatien-online.de\/wp-content\/uploads\/2020\/06\/0-D-O-Starigrad-fortress-t-300x72.jpg 300w, https:\/\/www.dalmatien-online.de\/wp-content\/uploads\/2020\/06\/0-D-O-Starigrad-fortress-t-768x185.jpg 768w, https:\/\/www.dalmatien-online.de\/wp-content\/uploads\/2020\/06\/0-D-O-Starigrad-fortress-t-250x60.jpg 250w, https:\/\/www.dalmatien-online.de\/wp-content\/uploads\/2020\/06\/0-D-O-Starigrad-fortress-t.jpg 1439w\" sizes=\"auto, (max-width: 1024px) 100vw, 1024px\" \/><figcaption>Die Festung Starigrad aus dem 15. Jahrhundert liegt auf einem 262 Meter hohen Bergkamm \u00fcberhalb der Altstadt von Omi\u0161. Sie wurde zur Verteidigung gegen das Osmanische Reich gebaut. Von dort hat man einen atemraubenden Blick auf die Adria und die M\u00fcndung der Cetina in Omi\u0161. Zwei Bergpfade f\u00fchren hinauf zur Festung &#8211; zum einen beginnend in der Altstadt kurz vorm Tunnel an der Cetina (der schwere Weg), der andere beginnt im Wohnviertel s\u00fcdlich der Altstadt \u00fcberhalb des alten Friedhofs.<\/figcaption><\/figure>\n\n\n\n<figure class=\"wp-block-image size-large\"><img loading=\"lazy\" decoding=\"async\" width=\"1024\" height=\"666\" src=\"https:\/\/www.dalmatien-online.de\/wp-content\/uploads\/2020\/06\/A-Omis-Tvrdava-6-1024x666.jpg\" alt=\"\" class=\"wp-image-2418\" srcset=\"https:\/\/www.dalmatien-online.de\/wp-content\/uploads\/2020\/06\/A-Omis-Tvrdava-6-1024x666.jpg 1024w, https:\/\/www.dalmatien-online.de\/wp-content\/uploads\/2020\/06\/A-Omis-Tvrdava-6-300x195.jpg 300w, https:\/\/www.dalmatien-online.de\/wp-content\/uploads\/2020\/06\/A-Omis-Tvrdava-6-768x499.jpg 768w, https:\/\/www.dalmatien-online.de\/wp-content\/uploads\/2020\/06\/A-Omis-Tvrdava-6-250x163.jpg 250w, https:\/\/www.dalmatien-online.de\/wp-content\/uploads\/2020\/06\/A-Omis-Tvrdava-6.jpg 1446w\" sizes=\"auto, (max-width: 1024px) 100vw, 1024px\" \/><\/figure>\n\n\n\n<figure class=\"wp-block-image size-large\"><img loading=\"lazy\" decoding=\"async\" width=\"1024\" height=\"674\" src=\"https:\/\/www.dalmatien-online.de\/wp-content\/uploads\/2020\/06\/A-Omis-Tvrdava-15-1024x674.jpg\" alt=\"\" class=\"wp-image-2419\" srcset=\"https:\/\/www.dalmatien-online.de\/wp-content\/uploads\/2020\/06\/A-Omis-Tvrdava-15-1024x674.jpg 1024w, https:\/\/www.dalmatien-online.de\/wp-content\/uploads\/2020\/06\/A-Omis-Tvrdava-15-300x197.jpg 300w, https:\/\/www.dalmatien-online.de\/wp-content\/uploads\/2020\/06\/A-Omis-Tvrdava-15-768x506.jpg 768w, https:\/\/www.dalmatien-online.de\/wp-content\/uploads\/2020\/06\/A-Omis-Tvrdava-15-250x165.jpg 250w, https:\/\/www.dalmatien-online.de\/wp-content\/uploads\/2020\/06\/A-Omis-Tvrdava-15.jpg 1419w\" sizes=\"auto, (max-width: 1024px) 100vw, 1024px\" \/><\/figure>\n\n\n\n<figure class=\"wp-block-image size-large\"><img loading=\"lazy\" decoding=\"async\" width=\"1024\" height=\"667\" src=\"https:\/\/www.dalmatien-online.de\/wp-content\/uploads\/2020\/06\/A-Omis-Tvrdava-3-1024x667.jpg\" alt=\"\" class=\"wp-image-2420\" srcset=\"https:\/\/www.dalmatien-online.de\/wp-content\/uploads\/2020\/06\/A-Omis-Tvrdava-3-1024x667.jpg 1024w, https:\/\/www.dalmatien-online.de\/wp-content\/uploads\/2020\/06\/A-Omis-Tvrdava-3-300x195.jpg 300w, https:\/\/www.dalmatien-online.de\/wp-content\/uploads\/2020\/06\/A-Omis-Tvrdava-3-768x500.jpg 768w, https:\/\/www.dalmatien-online.de\/wp-content\/uploads\/2020\/06\/A-Omis-Tvrdava-3-250x163.jpg 250w, https:\/\/www.dalmatien-online.de\/wp-content\/uploads\/2020\/06\/A-Omis-Tvrdava-3.jpg 1435w\" sizes=\"auto, (max-width: 1024px) 100vw, 1024px\" \/><\/figure>\n\n\n\n<figure class=\"wp-block-image size-large\"><img loading=\"lazy\" decoding=\"async\" width=\"677\" height=\"1024\" src=\"https:\/\/www.dalmatien-online.de\/wp-content\/uploads\/2020\/06\/A-Omis-Tvrdava-1-677x1024.jpg\" alt=\"\" class=\"wp-image-2421\" srcset=\"https:\/\/www.dalmatien-online.de\/wp-content\/uploads\/2020\/06\/A-Omis-Tvrdava-1-677x1024.jpg 677w, https:\/\/www.dalmatien-online.de\/wp-content\/uploads\/2020\/06\/A-Omis-Tvrdava-1-198x300.jpg 198w, https:\/\/www.dalmatien-online.de\/wp-content\/uploads\/2020\/06\/A-Omis-Tvrdava-1-768x1161.jpg 768w, https:\/\/www.dalmatien-online.de\/wp-content\/uploads\/2020\/06\/A-Omis-Tvrdava-1-250x378.jpg 250w, https:\/\/www.dalmatien-online.de\/wp-content\/uploads\/2020\/06\/A-Omis-Tvrdava-1.jpg 951w\" sizes=\"auto, (max-width: 677px) 100vw, 677px\" \/><\/figure>\n\n\n\n<figure class=\"wp-block-image size-large\"><img loading=\"lazy\" decoding=\"async\" width=\"1024\" height=\"676\" src=\"https:\/\/www.dalmatien-online.de\/wp-content\/uploads\/2020\/06\/A-Omis-Tvrdava-8-1024x676.jpg\" alt=\"\" class=\"wp-image-2422\" srcset=\"https:\/\/www.dalmatien-online.de\/wp-content\/uploads\/2020\/06\/A-Omis-Tvrdava-8-1024x676.jpg 1024w, https:\/\/www.dalmatien-online.de\/wp-content\/uploads\/2020\/06\/A-Omis-Tvrdava-8-300x198.jpg 300w, https:\/\/www.dalmatien-online.de\/wp-content\/uploads\/2020\/06\/A-Omis-Tvrdava-8-768x507.jpg 768w, https:\/\/www.dalmatien-online.de\/wp-content\/uploads\/2020\/06\/A-Omis-Tvrdava-8-250x165.jpg 250w, https:\/\/www.dalmatien-online.de\/wp-content\/uploads\/2020\/06\/A-Omis-Tvrdava-8.jpg 1378w\" sizes=\"auto, (max-width: 1024px) 100vw, 1024px\" \/><\/figure>\n\n\n\n<figure class=\"wp-block-image size-large\"><img loading=\"lazy\" decoding=\"async\" width=\"1024\" height=\"686\" src=\"https:\/\/www.dalmatien-online.de\/wp-content\/uploads\/2020\/06\/A-Omis-Tvrdava-10-1024x686.jpg\" alt=\"\" class=\"wp-image-2423\" srcset=\"https:\/\/www.dalmatien-online.de\/wp-content\/uploads\/2020\/06\/A-Omis-Tvrdava-10-1024x686.jpg 1024w, https:\/\/www.dalmatien-online.de\/wp-content\/uploads\/2020\/06\/A-Omis-Tvrdava-10-300x201.jpg 300w, https:\/\/www.dalmatien-online.de\/wp-content\/uploads\/2020\/06\/A-Omis-Tvrdava-10-768x515.jpg 768w, https:\/\/www.dalmatien-online.de\/wp-content\/uploads\/2020\/06\/A-Omis-Tvrdava-10-250x168.jpg 250w, https:\/\/www.dalmatien-online.de\/wp-content\/uploads\/2020\/06\/A-Omis-Tvrdava-10-400x267.jpg 400w, https:\/\/www.dalmatien-online.de\/wp-content\/uploads\/2020\/06\/A-Omis-Tvrdava-10.jpg 1401w\" sizes=\"auto, (max-width: 1024px) 100vw, 1024px\" \/><\/figure>\n\n\n\n<figure class=\"wp-block-image size-large\"><img loading=\"lazy\" decoding=\"async\" width=\"1024\" height=\"677\" src=\"https:\/\/www.dalmatien-online.de\/wp-content\/uploads\/2020\/06\/A-Omis-Tvrdava-16-1024x677.jpg\" alt=\"\" class=\"wp-image-2424\" srcset=\"https:\/\/www.dalmatien-online.de\/wp-content\/uploads\/2020\/06\/A-Omis-Tvrdava-16-1024x677.jpg 1024w, https:\/\/www.dalmatien-online.de\/wp-content\/uploads\/2020\/06\/A-Omis-Tvrdava-16-300x198.jpg 300w, https:\/\/www.dalmatien-online.de\/wp-content\/uploads\/2020\/06\/A-Omis-Tvrdava-16-768x508.jpg 768w, https:\/\/www.dalmatien-online.de\/wp-content\/uploads\/2020\/06\/A-Omis-Tvrdava-16-250x165.jpg 250w, https:\/\/www.dalmatien-online.de\/wp-content\/uploads\/2020\/06\/A-Omis-Tvrdava-16.jpg 1417w\" sizes=\"auto, (max-width: 1024px) 100vw, 1024px\" \/><\/figure>\n\n\n\n<figure class=\"wp-block-image size-large\"><img loading=\"lazy\" decoding=\"async\" width=\"1024\" height=\"670\" src=\"https:\/\/www.dalmatien-online.de\/wp-content\/uploads\/2020\/06\/A-Omis-Tvrdava-4-1024x670.jpg\" alt=\"\" class=\"wp-image-2425\" srcset=\"https:\/\/www.dalmatien-online.de\/wp-content\/uploads\/2020\/06\/A-Omis-Tvrdava-4-1024x670.jpg 1024w, https:\/\/www.dalmatien-online.de\/wp-content\/uploads\/2020\/06\/A-Omis-Tvrdava-4-300x196.jpg 300w, https:\/\/www.dalmatien-online.de\/wp-content\/uploads\/2020\/06\/A-Omis-Tvrdava-4-768x502.jpg 768w, https:\/\/www.dalmatien-online.de\/wp-content\/uploads\/2020\/06\/A-Omis-Tvrdava-4-250x163.jpg 250w, https:\/\/www.dalmatien-online.de\/wp-content\/uploads\/2020\/06\/A-Omis-Tvrdava-4.jpg 1352w\" sizes=\"auto, (max-width: 1024px) 100vw, 1024px\" \/><\/figure>\n\n\n\n<figure class=\"wp-block-image size-large\"><img loading=\"lazy\" decoding=\"async\" width=\"1024\" height=\"685\" src=\"https:\/\/www.dalmatien-online.de\/wp-content\/uploads\/2020\/06\/A-Omis-Tvrdava-13-1024x685.jpg\" alt=\"\" class=\"wp-image-2426\" srcset=\"https:\/\/www.dalmatien-online.de\/wp-content\/uploads\/2020\/06\/A-Omis-Tvrdava-13-1024x685.jpg 1024w, https:\/\/www.dalmatien-online.de\/wp-content\/uploads\/2020\/06\/A-Omis-Tvrdava-13-300x201.jpg 300w, https:\/\/www.dalmatien-online.de\/wp-content\/uploads\/2020\/06\/A-Omis-Tvrdava-13-768x513.jpg 768w, https:\/\/www.dalmatien-online.de\/wp-content\/uploads\/2020\/06\/A-Omis-Tvrdava-13-250x167.jpg 250w, https:\/\/www.dalmatien-online.de\/wp-content\/uploads\/2020\/06\/A-Omis-Tvrdava-13-400x267.jpg 400w, https:\/\/www.dalmatien-online.de\/wp-content\/uploads\/2020\/06\/A-Omis-Tvrdava-13.jpg 1430w\" sizes=\"auto, (max-width: 1024px) 100vw, 1024px\" \/><\/figure>\n\n\n\n<figure class=\"wp-block-image size-large\"><img loading=\"lazy\" decoding=\"async\" width=\"1024\" height=\"669\" src=\"https:\/\/www.dalmatien-online.de\/wp-content\/uploads\/2020\/06\/A-Omis-Tvrdava-14-1024x669.jpg\" alt=\"\" class=\"wp-image-2427\" srcset=\"https:\/\/www.dalmatien-online.de\/wp-content\/uploads\/2020\/06\/A-Omis-Tvrdava-14-1024x669.jpg 1024w, https:\/\/www.dalmatien-online.de\/wp-content\/uploads\/2020\/06\/A-Omis-Tvrdava-14-300x196.jpg 300w, https:\/\/www.dalmatien-online.de\/wp-content\/uploads\/2020\/06\/A-Omis-Tvrdava-14-768x502.jpg 768w, https:\/\/www.dalmatien-online.de\/wp-content\/uploads\/2020\/06\/A-Omis-Tvrdava-14-250x163.jpg 250w, https:\/\/www.dalmatien-online.de\/wp-content\/uploads\/2020\/06\/A-Omis-Tvrdava-14.jpg 1483w\" sizes=\"auto, (max-width: 1024px) 100vw, 1024px\" \/><figcaption><strong><a href=\"https:\/\/www.dalmatien-online.de\/de\/omis\/\">ZUR\u00dcCK<\/a><\/strong><\/figcaption><\/figure>\n\n\n\n\n\n<p><\/p>\n\n\n\n<hr class=\"wp-block-separator\"\/>\n\n\n\n\n","protected":false},"excerpt":{"rendered":"","protected":false},"author":2,"featured_media":0,"parent":0,"menu_order":0,"comment_status":"closed","ping_status":"closed","template":"","meta":{"footnotes":"","_links_to":"","_links_to_target":""},"tags":[],"class_list":["post-2414","page","type-page","status-publish","hentry"],"_links":{"self":[{"href":"https:\/\/www.dalmatien-online.de\/de\/wp-json\/wp\/v2\/pages\/2414","targetHints":{"allow":["GET"]}}],"collection":[{"href":"https:\/\/www.dalmatien-online.de\/de\/wp-json\/wp\/v2\/pages"}],"about":[{"href":"https:\/\/www.dalmatien-online.de\/de\/wp-json\/wp\/v2\/types\/page"}],"author":[{"embeddable":true,"href":"https:\/\/www.dalmatien-online.de\/de\/wp-json\/wp\/v2\/users\/2"}],"replies":[{"embeddable":true,"href":"https:\/\/www.dalmatien-online.de\/de\/wp-json\/wp\/v2\/comments?post=2414"}],"version-history":[{"count":3,"href":"https:\/\/www.dalmatien-online.de\/de\/wp-json\/wp\/v2\/pages\/2414\/revisions"}],"predecessor-version":[{"id":3309,"href":"https:\/\/www.dalmatien-online.de\/de\/wp-json\/wp\/v2\/pages\/2414\/revisions\/3309"}],"wp:attachment":[{"href":"https:\/\/www.dalmatien-online.de\/de\/wp-json\/wp\/v2\/media?parent=2414"}],"wp:term":[{"taxonomy":"post_tag","embeddable":true,"href":"https:\/\/www.dalmatien-online.de\/de\/wp-json\/wp\/v2\/tags?post=2414"}],"curies":[{"name":"wp","href":"https:\/\/api.w.org\/{rel}","templated":true}]}}

Omiš &#8211; die Festung Starigrad

<figure class="wp-block-image size-large"><img loading="lazy" decoding="async" width="1024" height="247" src="https://www.dalmatien-online.de/wp-content/uploads/2020/06/0-D-O-Starigrad-fortress-t-1024x247.jpg" alt="" class="wp-image-3308" srcset="https://www.dalmatien-online.de/wp-content/uploads/2020/06/0-D-O-Starigrad-fortress-t-1024x247.jpg 1024w, https://www.dalmatien-online.de/wp-content/uploads/2020/06/0-D-O-Starigrad-fortress-t-300x72.jpg 300w, https://www.dalmatien-online.de/wp-content/uploads/2020/06/0-D-O-Starigrad-fortress-t-768x185.jpg 768w, https://www.dalmatien-online.de/wp-content/uploads/2020/06/0-D-O-Starigrad-fortress-t-250x60.jpg 250w, https://www.dalmatien-online.de/wp-content/uploads/2020/06/0-D-O-Starigrad-fortress-t.jpg 1439w" sizes="auto, (max-width: 1024px) 100vw, 1024px" /><figcaption>Die Festung Starigrad aus dem 15. Jahrhundert liegt auf einem 262 Meter hohen Bergkamm überhalb der Altstadt von Omiš. Sie wurde zur Verteidigung gegen das Osmanische Reich gebaut. Von dort hat man einen atemraubenden Blick auf die Adria und die Mündung der Cetina in Omiš. Zwei Bergpfade führen hinauf zur Festung &#8211; zum einen beginnend in der Altstadt kurz vorm Tunnel an der Cetina (der schwere Weg), der andere beginnt im Wohnviertel südlich der Altstadt überhalb des alten Friedhofs.</figcaption></figure>



<figure class="wp-block-image size-large"><img loading="lazy" decoding="async" width="1024" height="666" src="https://www.dalmatien-online.de/wp-content/uploads/2020/06/A-Omis-Tvrdava-6-1024x666.jpg" alt="" class="wp-image-2418" srcset="https://www.dalmatien-online.de/wp-content/uploads/2020/06/A-Omis-Tvrdava-6-1024x666.jpg 1024w, https://www.dalmatien-online.de/wp-content/uploads/2020/06/A-Omis-Tvrdava-6-300x195.jpg 300w, https://www.dalmatien-online.de/wp-content/uploads/2020/06/A-Omis-Tvrdava-6-768x499.jpg 768w, https://www.dalmatien-online.de/wp-content/uploads/2020/06/A-Omis-Tvrdava-6-250x163.jpg 250w, https://www.dalmatien-online.de/wp-content/uploads/2020/06/A-Omis-Tvrdava-6.jpg 1446w" sizes="auto, (max-width: 1024px) 100vw, 1024px" /></figure>



<figure class="wp-block-image size-large"><img loading="lazy" decoding="async" width="1024" height="674" src="https://www.dalmatien-online.de/wp-content/uploads/2020/06/A-Omis-Tvrdava-15-1024x674.jpg" alt="" class="wp-image-2419" srcset="https://www.dalmatien-online.de/wp-content/uploads/2020/06/A-Omis-Tvrdava-15-1024x674.jpg 1024w, https://www.dalmatien-online.de/wp-content/uploads/2020/06/A-Omis-Tvrdava-15-300x197.jpg 300w, https://www.dalmatien-online.de/wp-content/uploads/2020/06/A-Omis-Tvrdava-15-768x506.jpg 768w, https://www.dalmatien-online.de/wp-content/uploads/2020/06/A-Omis-Tvrdava-15-250x165.jpg 250w, https://www.dalmatien-online.de/wp-content/uploads/2020/06/A-Omis-Tvrdava-15.jpg 1419w" sizes="auto, (max-width: 1024px) 100vw, 1024px" /></figure>



<figure class="wp-block-image size-large"><img loading="lazy" decoding="async" width="1024" height="667" src="https://www.dalmatien-online.de/wp-content/uploads/2020/06/A-Omis-Tvrdava-3-1024x667.jpg" alt="" class="wp-image-2420" srcset="https://www.dalmatien-online.de/wp-content/uploads/2020/06/A-Omis-Tvrdava-3-1024x667.jpg 1024w, https://www.dalmatien-online.de/wp-content/uploads/2020/06/A-Omis-Tvrdava-3-300x195.jpg 300w, https://www.dalmatien-online.de/wp-content/uploads/2020/06/A-Omis-Tvrdava-3-768x500.jpg 768w, https://www.dalmatien-online.de/wp-content/uploads/2020/06/A-Omis-Tvrdava-3-250x163.jpg 250w, https://www.dalmatien-online.de/wp-content/uploads/2020/06/A-Omis-Tvrdava-3.jpg 1435w" sizes="auto, (max-width: 1024px) 100vw, 1024px" /></figure>



<figure class="wp-block-image size-large"><img loading="lazy" decoding="async" width="677" height="1024" src="https://www.dalmatien-online.de/wp-content/uploads/2020/06/A-Omis-Tvrdava-1-677x1024.jpg" alt="" class="wp-image-2421" srcset="https://www.dalmatien-online.de/wp-content/uploads/2020/06/A-Omis-Tvrdava-1-677x1024.jpg 677w, https://www.dalmatien-online.de/wp-content/uploads/2020/06/A-Omis-Tvrdava-1-198x300.jpg 198w, https://www.dalmatien-online.de/wp-content/uploads/2020/06/A-Omis-Tvrdava-1-768x1161.jpg 768w, https://www.dalmatien-online.de/wp-content/uploads/2020/06/A-Omis-Tvrdava-1-250x378.jpg 250w, https://www.dalmatien-online.de/wp-content/uploads/2020/06/A-Omis-Tvrdava-1.jpg 951w" sizes="auto, (max-width: 677px) 100vw, 677px" /></figure>



<figure class="wp-block-image size-large"><img loading="lazy" decoding="async" width="1024" height="676" src="https://www.dalmatien-online.de/wp-content/uploads/2020/06/A-Omis-Tvrdava-8-1024x676.jpg" alt="" class="wp-image-2422" srcset="https://www.dalmatien-online.de/wp-content/uploads/2020/06/A-Omis-Tvrdava-8-1024x676.jpg 1024w, https://www.dalmatien-online.de/wp-content/uploads/2020/06/A-Omis-Tvrdava-8-300x198.jpg 300w, https://www.dalmatien-online.de/wp-content/uploads/2020/06/A-Omis-Tvrdava-8-768x507.jpg 768w, https://www.dalmatien-online.de/wp-content/uploads/2020/06/A-Omis-Tvrdava-8-250x165.jpg 250w, https://www.dalmatien-online.de/wp-content/uploads/2020/06/A-Omis-Tvrdava-8.jpg 1378w" sizes="auto, (max-width: 1024px) 100vw, 1024px" /></figure>



<figure class="wp-block-image size-large"><img loading="lazy" decoding="async" width="1024" height="686" src="https://www.dalmatien-online.de/wp-content/uploads/2020/06/A-Omis-Tvrdava-10-1024x686.jpg" alt="" class="wp-image-2423" srcset="https://www.dalmatien-online.de/wp-content/uploads/2020/06/A-Omis-Tvrdava-10-1024x686.jpg 1024w, https://www.dalmatien-online.de/wp-content/uploads/2020/06/A-Omis-Tvrdava-10-300x201.jpg 300w, https://www.dalmatien-online.de/wp-content/uploads/2020/06/A-Omis-Tvrdava-10-768x515.jpg 768w, https://www.dalmatien-online.de/wp-content/uploads/2020/06/A-Omis-Tvrdava-10-250x168.jpg 250w, https://www.dalmatien-online.de/wp-content/uploads/2020/06/A-Omis-Tvrdava-10-400x267.jpg 400w, https://www.dalmatien-online.de/wp-content/uploads/2020/06/A-Omis-Tvrdava-10.jpg 1401w" sizes="auto, (max-width: 1024px) 100vw, 1024px" /></figure>



<figure class="wp-block-image size-large"><img loading="lazy" decoding="async" width="1024" height="677" src="https://www.dalmatien-online.de/wp-content/uploads/2020/06/A-Omis-Tvrdava-16-1024x677.jpg" alt="" class="wp-image-2424" srcset="https://www.dalmatien-online.de/wp-content/uploads/2020/06/A-Omis-Tvrdava-16-1024x677.jpg 1024w, https://www.dalmatien-online.de/wp-content/uploads/2020/06/A-Omis-Tvrdava-16-300x198.jpg 300w, https://www.dalmatien-online.de/wp-content/uploads/2020/06/A-Omis-Tvrdava-16-768x508.jpg 768w, https://www.dalmatien-online.de/wp-content/uploads/2020/06/A-Omis-Tvrdava-16-250x165.jpg 250w, https://www.dalmatien-online.de/wp-content/uploads/2020/06/A-Omis-Tvrdava-16.jpg 1417w" sizes="auto, (max-width: 1024px) 100vw, 1024px" /></figure>



<figure class="wp-block-image size-large"><img loading="lazy" decoding="async" width="1024" height="670" src="https://www.dalmatien-online.de/wp-content/uploads/2020/06/A-Omis-Tvrdava-4-1024x670.jpg" alt="" class="wp-image-2425" srcset="https://www.dalmatien-online.de/wp-content/uploads/2020/06/A-Omis-Tvrdava-4-1024x670.jpg 1024w, https://www.dalmatien-online.de/wp-content/uploads/2020/06/A-Omis-Tvrdava-4-300x196.jpg 300w, https://www.dalmatien-online.de/wp-content/uploads/2020/06/A-Omis-Tvrdava-4-768x502.jpg 768w, https://www.dalmatien-online.de/wp-content/uploads/2020/06/A-Omis-Tvrdava-4-250x163.jpg 250w, https://www.dalmatien-online.de/wp-content/uploads/2020/06/A-Omis-Tvrdava-4.jpg 1352w" sizes="auto, (max-width: 1024px) 100vw, 1024px" /></figure>



<figure class="wp-block-image size-large"><img loading="lazy" decoding="async" width="1024" height="685" src="https://www.dalmatien-online.de/wp-content/uploads/2020/06/A-Omis-Tvrdava-13-1024x685.jpg" alt="" class="wp-image-2426" srcset="https://www.dalmatien-online.de/wp-content/uploads/2020/06/A-Omis-Tvrdava-13-1024x685.jpg 1024w, https://www.dalmatien-online.de/wp-content/uploads/2020/06/A-Omis-Tvrdava-13-300x201.jpg 300w, https://www.dalmatien-online.de/wp-content/uploads/2020/06/A-Omis-Tvrdava-13-768x513.jpg 768w, https://www.dalmatien-online.de/wp-content/uploads/2020/06/A-Omis-Tvrdava-13-250x167.jpg 250w, https://www.dalmatien-online.de/wp-content/uploads/2020/06/A-Omis-Tvrdava-13-400x267.jpg 400w, https://www.dalmatien-online.de/wp-content/uploads/2020/06/A-Omis-Tvrdava-13.jpg 1430w" sizes="auto, (max-width: 1024px) 100vw, 1024px" /></figure>



<figure class="wp-block-image size-large"><img loading="lazy" decoding="async" width="1024" height="669" src="https://www.dalmatien-online.de/wp-content/uploads/2020/06/A-Omis-Tvrdava-14-1024x669.jpg" alt="" class="wp-image-2427" srcset="https://www.dalmatien-online.de/wp-content/uploads/2020/06/A-Omis-Tvrdava-14-1024x669.jpg 1024w, https://www.dalmatien-online.de/wp-content/uploads/2020/06/A-Omis-Tvrdava-14-300x196.jpg 300w, https://www.dalmatien-online.de/wp-content/uploads/2020/06/A-Omis-Tvrdava-14-768x502.jpg 768w, https://www.dalmatien-online.de/wp-content/uploads/2020/06/A-Omis-Tvrdava-14-250x163.jpg 250w, https://www.dalmatien-online.de/wp-content/uploads/2020/06/A-Omis-Tvrdava-14.jpg 1483w" sizes="auto, (max-width: 1024px) 100vw, 1024px" /><figcaption><strong><a href="https://www.dalmatien-online.de/de/omis/">ZURÜCK</a></strong></figcaption></figure>





<p></p>



<hr class="wp-block-separator"/>
