{"id":82,"date":"2020-05-02T08:42:26","date_gmt":"2020-05-02T07:42:26","guid":{"rendered":"https:\/\/www.dalmatien-online.de\/?page_id=82"},"modified":"2020-06-30T08:57:45","modified_gmt":"2020-06-30T07:57:45","slug":"brac","status":"publish","type":"page","link":"https:\/\/www.dalmatien-online.de\/de\/brac\/","title":{"rendered":"Bra\u010d"},"content":{"rendered":"\n<figure class=\"wp-block-image size-large\"><img loading=\"lazy\" decoding=\"async\" width=\"918\" height=\"207\" src=\"https:\/\/www.dalmatien-online.de\/wp-content\/uploads\/2020\/06\/0-Bra\u010d-D-O-t.jpg\" alt=\"\" class=\"wp-image-2874\" srcset=\"https:\/\/www.dalmatien-online.de\/wp-content\/uploads\/2020\/06\/0-Bra\u010d-D-O-t.jpg 918w, https:\/\/www.dalmatien-online.de\/wp-content\/uploads\/2020\/06\/0-Bra\u010d-D-O-t-300x68.jpg 300w, https:\/\/www.dalmatien-online.de\/wp-content\/uploads\/2020\/06\/0-Bra\u010d-D-O-t-768x173.jpg 768w, https:\/\/www.dalmatien-online.de\/wp-content\/uploads\/2020\/06\/0-Bra\u010d-D-O-t-250x56.jpg 250w\" sizes=\"auto, (max-width: 918px) 100vw, 918px\" \/><figcaption>Die mitteldalmatische Insel Bra\u010d ist die gr\u00f6\u00dfte der dalmatischen Inseln mit ihrer L\u00e4nge von knapp 40 Km und 12 km Breite. Sie liegt leicht s\u00fcd\u00f6stlich der <a rel=\"noreferrer noopener\" href=\"https:\/\/www.dalmatien-online.de\/split\/\" target=\"_blank\"><strong>Hafenstadt Split<\/strong><\/a> und ist von dort t\u00e4glich in relativ kurzer Zeit per <strong><a rel=\"noreferrer noopener\" href=\"https:\/\/www.jadrolinija.hr\/de\/schedule\/LineSearchResults\/Index\/2331792\/2331798\/07062020\" target=\"_blank\">Autof\u00e4hre und Katamaran<\/a><\/strong> zu erreichen unabh\u00e4ngig der Jahreszeiten. <\/figcaption><\/figure>\n\n\n\n<figure class=\"wp-block-image size-large\"><img loading=\"lazy\" decoding=\"async\" width=\"1024\" height=\"683\" src=\"https:\/\/www.dalmatien-online.de\/wp-content\/uploads\/2020\/06\/A-251119-Brac-Supetar-5-1024x683.jpg\" alt=\"\" class=\"wp-image-2886\" srcset=\"https:\/\/www.dalmatien-online.de\/wp-content\/uploads\/2020\/06\/A-251119-Brac-Supetar-5-1024x683.jpg 1024w, https:\/\/www.dalmatien-online.de\/wp-content\/uploads\/2020\/06\/A-251119-Brac-Supetar-5-300x200.jpg 300w, https:\/\/www.dalmatien-online.de\/wp-content\/uploads\/2020\/06\/A-251119-Brac-Supetar-5-768x512.jpg 768w, https:\/\/www.dalmatien-online.de\/wp-content\/uploads\/2020\/06\/A-251119-Brac-Supetar-5-250x167.jpg 250w, https:\/\/www.dalmatien-online.de\/wp-content\/uploads\/2020\/06\/A-251119-Brac-Supetar-5-400x267.jpg 400w, https:\/\/www.dalmatien-online.de\/wp-content\/uploads\/2020\/06\/A-251119-Brac-Supetar-5.jpg 1500w\" sizes=\"auto, (max-width: 1024px) 100vw, 1024px\" \/><figcaption>Ob Familienurlaub im Hotel, Abh\u00e4ngen und Surfen am ber\u00fchmten<a rel=\"noreferrer noopener\" href=\"https:\/\/www.dalmatien-online.de\/slatni-rat-goldenes-horn\/\" target=\"_blank\"> <strong>Strand &#8222;Slatni rat&#8220;<\/strong><\/a> auf der S\u00fcdseite Bra\u010d`s in <a rel=\"noreferrer noopener\" href=\"https:\/\/www.dalmatien-online.de\/bol-2\/\" target=\"_blank\"><strong>Bol<\/strong><\/a> , Wandern entlang der K\u00fcste oder im Inselinneren z.B. zur <strong><a href=\"https:\/\/www.dalmatien-online.de\/de\/brac-vidova-gora\/\" target=\"_blank\" rel=\"noreferrer noopener\">&#8222;Vidova Gora&#8220;<\/a><\/strong>, dem h\u00f6chsten Berg des Eilands mit ca. 780 Meter oder dem Genie\u00dfen der Ruhe und den Sch\u00f6nheiten der Insel abseits der Hotels und des Trubels &#8211; die Insel zeigt f\u00fcr jeden Reisenden egal ob Haupt- oder Nebensaison was sie zu bieten hat.<\/figcaption><\/figure>\n\n\n\n<figure class=\"wp-block-image size-large\"><img loading=\"lazy\" decoding=\"async\" width=\"1024\" height=\"678\" src=\"https:\/\/www.dalmatien-online.de\/wp-content\/uploads\/2020\/06\/A-Brac-Vidova-Gora-16-bearb-6x17-8-3-1024x678.jpg\" alt=\"\" class=\"wp-image-2887\" srcset=\"https:\/\/www.dalmatien-online.de\/wp-content\/uploads\/2020\/06\/A-Brac-Vidova-Gora-16-bearb-6x17-8-3-1024x678.jpg 1024w, https:\/\/www.dalmatien-online.de\/wp-content\/uploads\/2020\/06\/A-Brac-Vidova-Gora-16-bearb-6x17-8-3-300x199.jpg 300w, https:\/\/www.dalmatien-online.de\/wp-content\/uploads\/2020\/06\/A-Brac-Vidova-Gora-16-bearb-6x17-8-3-768x509.jpg 768w, https:\/\/www.dalmatien-online.de\/wp-content\/uploads\/2020\/06\/A-Brac-Vidova-Gora-16-bearb-6x17-8-3-250x166.jpg 250w, https:\/\/www.dalmatien-online.de\/wp-content\/uploads\/2020\/06\/A-Brac-Vidova-Gora-16-bearb-6x17-8-3.jpg 1528w\" sizes=\"auto, (max-width: 1024px) 100vw, 1024px\" \/><figcaption>Ber\u00fchmtheit erlangte die Insel schon zur R\u00f6merzeit dank ihres einzigartigen wei\u00dfen Steins aus dem <a rel=\"noreferrer noopener\" href=\"https:\/\/www.dalmatien-online.de\/jadran-kamen\/\" target=\"_blank\"><strong>Steinbruch<\/strong><\/a> nahe des St\u00e4dtchens <a rel=\"noreferrer noopener\" href=\"https:\/\/www.dalmatien-online.de\/pucisca\/\" target=\"_blank\"><strong>Pu\u010di\u0161\u0107a<\/strong><\/a>. Bis heute wird er dort abgebaut und in alle Welt exportiert &#8211; verbaut sogar im &#8222;Wei\u00dfen Haus&#8220; in Washington und in vielen anderen bedeutenden Bauwerken auf der Welt und n\u00e4t\u00fcrlich zu Hauf auf der Insel selbst.<br><\/figcaption><\/figure>\n\n\n\n<figure class=\"wp-block-image size-large\"><img loading=\"lazy\" decoding=\"async\" width=\"1024\" height=\"672\" src=\"http:\/\/www.dalmatien-online.de\/wp-content\/uploads\/2020\/06\/0APu\u010di\u0161\u0107a-Steinbruch-Steinmetzschule-13-1024x672.jpg\" alt=\"\" class=\"wp-image-798\" srcset=\"https:\/\/www.dalmatien-online.de\/wp-content\/uploads\/2020\/06\/0APu\u010di\u0161\u0107a-Steinbruch-Steinmetzschule-13-1024x672.jpg 1024w, https:\/\/www.dalmatien-online.de\/wp-content\/uploads\/2020\/06\/0APu\u010di\u0161\u0107a-Steinbruch-Steinmetzschule-13-300x197.jpg 300w, https:\/\/www.dalmatien-online.de\/wp-content\/uploads\/2020\/06\/0APu\u010di\u0161\u0107a-Steinbruch-Steinmetzschule-13-768x504.jpg 768w, https:\/\/www.dalmatien-online.de\/wp-content\/uploads\/2020\/06\/0APu\u010di\u0161\u0107a-Steinbruch-Steinmetzschule-13-250x164.jpg 250w, https:\/\/www.dalmatien-online.de\/wp-content\/uploads\/2020\/06\/0APu\u010di\u0161\u0107a-Steinbruch-Steinmetzschule-13.jpg 1413w\" sizes=\"auto, (max-width: 1024px) 100vw, 1024px\" \/><figcaption>Auf der Nordseite der Insel, aufgereiht gleich einer Perlenkette an der K\u00fcste liegen wundersch\u00f6ne \u00d6rtchen wie <a rel=\"noreferrer noopener\" href=\"https:\/\/www.dalmatien-online.de\/sutivan\/\" target=\"_blank\"><strong>Sutivan<\/strong><\/a>, <a rel=\"noreferrer noopener\" href=\"https:\/\/www.dalmatien-online.de\/supetar-2\/\" target=\"_blank\"><strong>Supetar<\/strong><\/a>, <a rel=\"noreferrer noopener\" href=\"https:\/\/www.dalmatien-online.de\/postira\/\" target=\"_blank\"><strong>Postira<\/strong><\/a>, <a rel=\"noreferrer noopener\" href=\"https:\/\/www.dalmatien-online.de\/splitska\/\" target=\"_blank\"><strong>Splitska<\/strong><\/a>, <a rel=\"noreferrer noopener\" href=\"https:\/\/www.dalmatien-online.de\/pucisca\/\" target=\"_blank\"><strong>Pu\u010di\u0161\u0107a<\/strong><\/a> und an der Ostspitze des Eilands <a rel=\"noreferrer noopener\" href=\"https:\/\/www.dalmatien-online.de\/sumartin\/\" target=\"_blank\"><strong>Sumartin<\/strong><\/a> mit seiner langen <a rel=\"noreferrer noopener\" href=\"https:\/\/www.dalmatien-online.de\/bol\/\" target=\"_blank\"><strong>Schiffsbautradition<\/strong><\/a> mit F\u00e4hranbindiung nach <a rel=\"noreferrer noopener\" href=\"https:\/\/www.dalmatien-online.de\/makarska\/\" target=\"_blank\"><strong>Makarska<\/strong><\/a>. Auf der Westseite lohnt sich ein Besuch in <a rel=\"noreferrer noopener\" href=\"https:\/\/www.dalmatien-online.de\/milna\/\" target=\"_blank\"><strong>Milna<\/strong><\/a> mit seinem malerischen Bucht gegen\u00fcber der <a rel=\"noreferrer noopener\" href=\"https:\/\/www.dalmatien-online.de\/solta\/\" target=\"_blank\"><strong>Insel \u0160olta<\/strong><\/a>.<\/figcaption><\/figure>\n\n\n\n<figure class=\"wp-block-image size-large\"><img loading=\"lazy\" decoding=\"async\" width=\"918\" height=\"620\" src=\"https:\/\/www.dalmatien-online.de\/wp-content\/uploads\/2020\/06\/0-a-Pucisca-klein-1.jpg\" alt=\"\" class=\"wp-image-2888\" srcset=\"https:\/\/www.dalmatien-online.de\/wp-content\/uploads\/2020\/06\/0-a-Pucisca-klein-1.jpg 918w, https:\/\/www.dalmatien-online.de\/wp-content\/uploads\/2020\/06\/0-a-Pucisca-klein-1-300x203.jpg 300w, https:\/\/www.dalmatien-online.de\/wp-content\/uploads\/2020\/06\/0-a-Pucisca-klein-1-768x519.jpg 768w, https:\/\/www.dalmatien-online.de\/wp-content\/uploads\/2020\/06\/0-a-Pucisca-klein-1-250x169.jpg 250w\" sizes=\"auto, (max-width: 918px) 100vw, 918px\" \/><\/figure>\n\n\n\n\n","protected":false},"excerpt":{"rendered":"","protected":false},"author":1,"featured_media":0,"parent":0,"menu_order":0,"comment_status":"closed","ping_status":"closed","template":"","meta":{"footnotes":"","_links_to":"","_links_to_target":""},"tags":[],"class_list":["post-82","page","type-page","status-publish","hentry"],"_links":{"self":[{"href":"https:\/\/www.dalmatien-online.de\/de\/wp-json\/wp\/v2\/pages\/82","targetHints":{"allow":["GET"]}}],"collection":[{"href":"https:\/\/www.dalmatien-online.de\/de\/wp-json\/wp\/v2\/pages"}],"about":[{"href":"https:\/\/www.dalmatien-online.de\/de\/wp-json\/wp\/v2\/types\/page"}],"author":[{"embeddable":true,"href":"https:\/\/www.dalmatien-online.de\/de\/wp-json\/wp\/v2\/users\/1"}],"replies":[{"embeddable":true,"href":"https:\/\/www.dalmatien-online.de\/de\/wp-json\/wp\/v2\/comments?post=82"}],"version-history":[{"count":34,"href":"https:\/\/www.dalmatien-online.de\/de\/wp-json\/wp\/v2\/pages\/82\/revisions"}],"predecessor-version":[{"id":3352,"href":"https:\/\/www.dalmatien-online.de\/de\/wp-json\/wp\/v2\/pages\/82\/revisions\/3352"}],"wp:attachment":[{"href":"https:\/\/www.dalmatien-online.de\/de\/wp-json\/wp\/v2\/media?parent=82"}],"wp:term":[{"taxonomy":"post_tag","embeddable":true,"href":"https:\/\/www.dalmatien-online.de\/de\/wp-json\/wp\/v2\/tags?post=82"}],"curies":[{"name":"wp","href":"https:\/\/api.w.org\/{rel}","templated":true}]}}

Brač

<figure class="wp-block-image size-large"><img loading="lazy" decoding="async" width="918" height="207" src="https://www.dalmatien-online.de/wp-content/uploads/2020/06/0-Brač-D-O-t.jpg" alt="" class="wp-image-2874" srcset="https://www.dalmatien-online.de/wp-content/uploads/2020/06/0-Brač-D-O-t.jpg 918w, https://www.dalmatien-online.de/wp-content/uploads/2020/06/0-Brač-D-O-t-300x68.jpg 300w, https://www.dalmatien-online.de/wp-content/uploads/2020/06/0-Brač-D-O-t-768x173.jpg 768w, https://www.dalmatien-online.de/wp-content/uploads/2020/06/0-Brač-D-O-t-250x56.jpg 250w" sizes="auto, (max-width: 918px) 100vw, 918px" /><figcaption>Die mitteldalmatische Insel Brač ist die größte der dalmatischen Inseln mit ihrer Länge von knapp 40 Km und 12 km Breite. Sie liegt leicht südöstlich der <a rel="noreferrer noopener" href="https://www.dalmatien-online.de/split/" target="_blank"><strong>Hafenstadt Split</strong></a> und ist von dort täglich in relativ kurzer Zeit per <strong><a rel="noreferrer noopener" href="https://www.jadrolinija.hr/de/schedule/LineSearchResults/Index/2331792/2331798/07062020" target="_blank">Autofähre und Katamaran</a></strong> zu erreichen unabhängig der Jahreszeiten. </figcaption></figure>



<figure class="wp-block-image size-large"><img loading="lazy" decoding="async" width="1024" height="683" src="https://www.dalmatien-online.de/wp-content/uploads/2020/06/A-251119-Brac-Supetar-5-1024x683.jpg" alt="" class="wp-image-2886" srcset="https://www.dalmatien-online.de/wp-content/uploads/2020/06/A-251119-Brac-Supetar-5-1024x683.jpg 1024w, https://www.dalmatien-online.de/wp-content/uploads/2020/06/A-251119-Brac-Supetar-5-300x200.jpg 300w, https://www.dalmatien-online.de/wp-content/uploads/2020/06/A-251119-Brac-Supetar-5-768x512.jpg 768w, https://www.dalmatien-online.de/wp-content/uploads/2020/06/A-251119-Brac-Supetar-5-250x167.jpg 250w, https://www.dalmatien-online.de/wp-content/uploads/2020/06/A-251119-Brac-Supetar-5-400x267.jpg 400w, https://www.dalmatien-online.de/wp-content/uploads/2020/06/A-251119-Brac-Supetar-5.jpg 1500w" sizes="auto, (max-width: 1024px) 100vw, 1024px" /><figcaption>Ob Familienurlaub im Hotel, Abhängen und Surfen am berühmten<a rel="noreferrer noopener" href="https://www.dalmatien-online.de/slatni-rat-goldenes-horn/" target="_blank"> <strong>Strand &#8222;Slatni rat&#8220;</strong></a> auf der Südseite Brač`s in <a rel="noreferrer noopener" href="https://www.dalmatien-online.de/bol-2/" target="_blank"><strong>Bol</strong></a> , Wandern entlang der Küste oder im Inselinneren z.B. zur <strong><a href="https://www.dalmatien-online.de/de/brac-vidova-gora/" target="_blank" rel="noreferrer noopener">&#8222;Vidova Gora&#8220;</a></strong>, dem höchsten Berg des Eilands mit ca. 780 Meter oder dem Genießen der Ruhe und den Schönheiten der Insel abseits der Hotels und des Trubels &#8211; die Insel zeigt für jeden Reisenden egal ob Haupt- oder Nebensaison was sie zu bieten hat.</figcaption></figure>



<figure class="wp-block-image size-large"><img loading="lazy" decoding="async" width="1024" height="678" src="https://www.dalmatien-online.de/wp-content/uploads/2020/06/A-Brac-Vidova-Gora-16-bearb-6x17-8-3-1024x678.jpg" alt="" class="wp-image-2887" srcset="https://www.dalmatien-online.de/wp-content/uploads/2020/06/A-Brac-Vidova-Gora-16-bearb-6x17-8-3-1024x678.jpg 1024w, https://www.dalmatien-online.de/wp-content/uploads/2020/06/A-Brac-Vidova-Gora-16-bearb-6x17-8-3-300x199.jpg 300w, https://www.dalmatien-online.de/wp-content/uploads/2020/06/A-Brac-Vidova-Gora-16-bearb-6x17-8-3-768x509.jpg 768w, https://www.dalmatien-online.de/wp-content/uploads/2020/06/A-Brac-Vidova-Gora-16-bearb-6x17-8-3-250x166.jpg 250w, https://www.dalmatien-online.de/wp-content/uploads/2020/06/A-Brac-Vidova-Gora-16-bearb-6x17-8-3.jpg 1528w" sizes="auto, (max-width: 1024px) 100vw, 1024px" /><figcaption>Berühmtheit erlangte die Insel schon zur Römerzeit dank ihres einzigartigen weißen Steins aus dem <a rel="noreferrer noopener" href="https://www.dalmatien-online.de/jadran-kamen/" target="_blank"><strong>Steinbruch</strong></a> nahe des Städtchens <a rel="noreferrer noopener" href="https://www.dalmatien-online.de/pucisca/" target="_blank"><strong>Pučišća</strong></a>. Bis heute wird er dort abgebaut und in alle Welt exportiert &#8211; verbaut sogar im &#8222;Weißen Haus&#8220; in Washington und in vielen anderen bedeutenden Bauwerken auf der Welt und nätürlich zu Hauf auf der Insel selbst.<br></figcaption></figure>



<figure class="wp-block-image size-large"><img loading="lazy" decoding="async" width="1024" height="672" src="http://www.dalmatien-online.de/wp-content/uploads/2020/06/0APučišća-Steinbruch-Steinmetzschule-13-1024x672.jpg" alt="" class="wp-image-798" srcset="https://www.dalmatien-online.de/wp-content/uploads/2020/06/0APučišća-Steinbruch-Steinmetzschule-13-1024x672.jpg 1024w, https://www.dalmatien-online.de/wp-content/uploads/2020/06/0APučišća-Steinbruch-Steinmetzschule-13-300x197.jpg 300w, https://www.dalmatien-online.de/wp-content/uploads/2020/06/0APučišća-Steinbruch-Steinmetzschule-13-768x504.jpg 768w, https://www.dalmatien-online.de/wp-content/uploads/2020/06/0APučišća-Steinbruch-Steinmetzschule-13-250x164.jpg 250w, https://www.dalmatien-online.de/wp-content/uploads/2020/06/0APučišća-Steinbruch-Steinmetzschule-13.jpg 1413w" sizes="auto, (max-width: 1024px) 100vw, 1024px" /><figcaption>Auf der Nordseite der Insel, aufgereiht gleich einer Perlenkette an der Küste liegen wunderschöne Örtchen wie <a rel="noreferrer noopener" href="https://www.dalmatien-online.de/sutivan/" target="_blank"><strong>Sutivan</strong></a>, <a rel="noreferrer noopener" href="https://www.dalmatien-online.de/supetar-2/" target="_blank"><strong>Supetar</strong></a>, <a rel="noreferrer noopener" href="https://www.dalmatien-online.de/postira/" target="_blank"><strong>Postira</strong></a>, <a rel="noreferrer noopener" href="https://www.dalmatien-online.de/splitska/" target="_blank"><strong>Splitska</strong></a>, <a rel="noreferrer noopener" href="https://www.dalmatien-online.de/pucisca/" target="_blank"><strong>Pučišća</strong></a> und an der Ostspitze des Eilands <a rel="noreferrer noopener" href="https://www.dalmatien-online.de/sumartin/" target="_blank"><strong>Sumartin</strong></a> mit seiner langen <a rel="noreferrer noopener" href="https://www.dalmatien-online.de/bol/" target="_blank"><strong>Schiffsbautradition</strong></a> mit Fähranbindiung nach <a rel="noreferrer noopener" href="https://www.dalmatien-online.de/makarska/" target="_blank"><strong>Makarska</strong></a>. Auf der Westseite lohnt sich ein Besuch in <a rel="noreferrer noopener" href="https://www.dalmatien-online.de/milna/" target="_blank"><strong>Milna</strong></a> mit seinem malerischen Bucht gegenüber der <a rel="noreferrer noopener" href="https://www.dalmatien-online.de/solta/" target="_blank"><strong>Insel Šolta</strong></a>.</figcaption></figure>



<figure class="wp-block-image size-large"><img loading="lazy" decoding="async" width="918" height="620" src="https://www.dalmatien-online.de/wp-content/uploads/2020/06/0-a-Pucisca-klein-1.jpg" alt="" class="wp-image-2888" srcset="https://www.dalmatien-online.de/wp-content/uploads/2020/06/0-a-Pucisca-klein-1.jpg 918w, https://www.dalmatien-online.de/wp-content/uploads/2020/06/0-a-Pucisca-klein-1-300x203.jpg 300w, https://www.dalmatien-online.de/wp-content/uploads/2020/06/0-a-Pucisca-klein-1-768x519.jpg 768w, https://www.dalmatien-online.de/wp-content/uploads/2020/06/0-a-Pucisca-klein-1-250x169.jpg 250w" sizes="auto, (max-width: 918px) 100vw, 918px" /></figure>
