{"id":2388,"date":"2020-06-17T08:32:56","date_gmt":"2020-06-17T07:32:56","guid":{"rendered":"https:\/\/www.dalmatien-online.de\/?page_id=2388"},"modified":"2020-06-27T10:03:15","modified_gmt":"2020-06-27T09:03:15","slug":"die-straende-von-omis","status":"publish","type":"page","link":"https:\/\/www.dalmatien-online.de\/en\/die-straende-von-omis\/","title":{"rendered":"Omi\u0161 beaches"},"content":{"rendered":"<figure class=\"wp-block-image size-large\"><img loading=\"lazy\" decoding=\"async\" width=\"1024\" height=\"231\" src=\"https:\/\/www.dalmatien-online.de\/wp-content\/uploads\/2020\/06\/0-D-O-Omi\u0161-beaches-t-1024x231.jpg\" alt=\"\" class=\"wp-image-3302\" srcset=\"https:\/\/www.dalmatien-online.de\/wp-content\/uploads\/2020\/06\/0-D-O-Omi\u0161-beaches-t-1024x231.jpg 1024w, https:\/\/www.dalmatien-online.de\/wp-content\/uploads\/2020\/06\/0-D-O-Omi\u0161-beaches-t-300x68.jpg 300w, https:\/\/www.dalmatien-online.de\/wp-content\/uploads\/2020\/06\/0-D-O-Omi\u0161-beaches-t-768x173.jpg 768w, https:\/\/www.dalmatien-online.de\/wp-content\/uploads\/2020\/06\/0-D-O-Omi\u0161-beaches-t-250x56.jpg 250w, https:\/\/www.dalmatien-online.de\/wp-content\/uploads\/2020\/06\/0-D-O-Omi\u0161-beaches-t.jpg 1500w\" sizes=\"auto, (max-width: 1024px) 100vw, 1024px\" \/><figcaption>The extensive beaches of Omi\u0161 are very popular with bathing vacationers, whether in Omi\u0161 directly on the Velika pla\u017ea (large beach), in the south on the Brzet beach or in the north of the Galeb beach at <strong><a rel=\"noreferrer noopener\" href=\"https:\/\/www.kamp.galeb.hr\/en\/\" target=\"_blank\">eponymous camp not far from the city.<\/a><\/strong> The photos below were taken in late autumn.<\/figcaption><\/figure>\n\n\n\n<figure class=\"wp-block-image size-large\"><img loading=\"lazy\" decoding=\"async\" width=\"1024\" height=\"683\" src=\"https:\/\/www.dalmatien-online.de\/wp-content\/uploads\/2020\/06\/A-Str\u00e4nde-Omis-2-1024x683.jpg\" alt=\"\" class=\"wp-image-2437\" srcset=\"https:\/\/www.dalmatien-online.de\/wp-content\/uploads\/2020\/06\/A-Str\u00e4nde-Omis-2-1024x683.jpg 1024w, https:\/\/www.dalmatien-online.de\/wp-content\/uploads\/2020\/06\/A-Str\u00e4nde-Omis-2-300x200.jpg 300w, https:\/\/www.dalmatien-online.de\/wp-content\/uploads\/2020\/06\/A-Str\u00e4nde-Omis-2-768x512.jpg 768w, https:\/\/www.dalmatien-online.de\/wp-content\/uploads\/2020\/06\/A-Str\u00e4nde-Omis-2-250x167.jpg 250w, https:\/\/www.dalmatien-online.de\/wp-content\/uploads\/2020\/06\/A-Str\u00e4nde-Omis-2-400x267.jpg 400w, https:\/\/www.dalmatien-online.de\/wp-content\/uploads\/2020\/06\/A-Str\u00e4nde-Omis-2.jpg 1500w\" sizes=\"auto, (max-width: 1024px) 100vw, 1024px\" \/><\/figure>\n\n\n\n<figure class=\"wp-block-image size-large\"><img loading=\"lazy\" decoding=\"async\" width=\"1024\" height=\"683\" src=\"https:\/\/www.dalmatien-online.de\/wp-content\/uploads\/2020\/06\/A-Str\u00e4nde-Omis-1-1024x683.jpg\" alt=\"\" class=\"wp-image-2439\" srcset=\"https:\/\/www.dalmatien-online.de\/wp-content\/uploads\/2020\/06\/A-Str\u00e4nde-Omis-1-1024x683.jpg 1024w, https:\/\/www.dalmatien-online.de\/wp-content\/uploads\/2020\/06\/A-Str\u00e4nde-Omis-1-300x200.jpg 300w, https:\/\/www.dalmatien-online.de\/wp-content\/uploads\/2020\/06\/A-Str\u00e4nde-Omis-1-768x512.jpg 768w, https:\/\/www.dalmatien-online.de\/wp-content\/uploads\/2020\/06\/A-Str\u00e4nde-Omis-1-250x167.jpg 250w, https:\/\/www.dalmatien-online.de\/wp-content\/uploads\/2020\/06\/A-Str\u00e4nde-Omis-1-400x267.jpg 400w, https:\/\/www.dalmatien-online.de\/wp-content\/uploads\/2020\/06\/A-Str\u00e4nde-Omis-1.jpg 1500w\" sizes=\"auto, (max-width: 1024px) 100vw, 1024px\" \/><\/figure>\n\n\n\n<p><\/p>\n\n\n\n<figure class=\"wp-block-image size-large\"><img loading=\"lazy\" decoding=\"async\" width=\"683\" height=\"1024\" src=\"https:\/\/www.dalmatien-online.de\/wp-content\/uploads\/2020\/06\/A-Omi\u0161-nemira-8-683x1024.jpg\" alt=\"\" class=\"wp-image-2389\" srcset=\"https:\/\/www.dalmatien-online.de\/wp-content\/uploads\/2020\/06\/A-Omi\u0161-nemira-8-683x1024.jpg 683w, https:\/\/www.dalmatien-online.de\/wp-content\/uploads\/2020\/06\/A-Omi\u0161-nemira-8-200x300.jpg 200w, https:\/\/www.dalmatien-online.de\/wp-content\/uploads\/2020\/06\/A-Omi\u0161-nemira-8-768x1152.jpg 768w, https:\/\/www.dalmatien-online.de\/wp-content\/uploads\/2020\/06\/A-Omi\u0161-nemira-8-250x375.jpg 250w, https:\/\/www.dalmatien-online.de\/wp-content\/uploads\/2020\/06\/A-Omi\u0161-nemira-8.jpg 1000w\" sizes=\"auto, (max-width: 683px) 100vw, 683px\" \/><\/figure>\n\n\n\n<figure class=\"wp-block-image size-large\"><img loading=\"lazy\" decoding=\"async\" width=\"1024\" height=\"683\" src=\"https:\/\/www.dalmatien-online.de\/wp-content\/uploads\/2020\/06\/A-Omi\u0161-nemira-6-1024x683.jpg\" alt=\"\" class=\"wp-image-2391\" srcset=\"https:\/\/www.dalmatien-online.de\/wp-content\/uploads\/2020\/06\/A-Omi\u0161-nemira-6-1024x683.jpg 1024w, https:\/\/www.dalmatien-online.de\/wp-content\/uploads\/2020\/06\/A-Omi\u0161-nemira-6-300x200.jpg 300w, https:\/\/www.dalmatien-online.de\/wp-content\/uploads\/2020\/06\/A-Omi\u0161-nemira-6-768x512.jpg 768w, https:\/\/www.dalmatien-online.de\/wp-content\/uploads\/2020\/06\/A-Omi\u0161-nemira-6-250x167.jpg 250w, https:\/\/www.dalmatien-online.de\/wp-content\/uploads\/2020\/06\/A-Omi\u0161-nemira-6-400x267.jpg 400w, https:\/\/www.dalmatien-online.de\/wp-content\/uploads\/2020\/06\/A-Omi\u0161-nemira-6.jpg 1500w\" sizes=\"auto, (max-width: 1024px) 100vw, 1024px\" \/><\/figure>\n\n\n\n<figure class=\"wp-block-image size-large\"><img loading=\"lazy\" decoding=\"async\" width=\"683\" height=\"1024\" src=\"https:\/\/www.dalmatien-online.de\/wp-content\/uploads\/2020\/06\/A-Omis-fortica-18-2-683x1024.jpg\" alt=\"\" class=\"wp-image-2390\" srcset=\"https:\/\/www.dalmatien-online.de\/wp-content\/uploads\/2020\/06\/A-Omis-fortica-18-2-683x1024.jpg 683w, https:\/\/www.dalmatien-online.de\/wp-content\/uploads\/2020\/06\/A-Omis-fortica-18-2-200x300.jpg 200w, https:\/\/www.dalmatien-online.de\/wp-content\/uploads\/2020\/06\/A-Omis-fortica-18-2-768x1152.jpg 768w, https:\/\/www.dalmatien-online.de\/wp-content\/uploads\/2020\/06\/A-Omis-fortica-18-2-1024x1536.jpg 1024w, https:\/\/www.dalmatien-online.de\/wp-content\/uploads\/2020\/06\/A-Omis-fortica-18-2-250x375.jpg 250w, https:\/\/www.dalmatien-online.de\/wp-content\/uploads\/2020\/06\/A-Omis-fortica-18-2.jpg 1080w\" sizes=\"auto, (max-width: 683px) 100vw, 683px\" \/><\/figure>\n\n\n\n<figure class=\"wp-block-image size-large\"><img loading=\"lazy\" decoding=\"async\" width=\"1024\" height=\"683\" src=\"https:\/\/www.dalmatien-online.de\/wp-content\/uploads\/2020\/06\/A-Omi\u0161-nemira-5-1-1024x683.jpg\" alt=\"\" class=\"wp-image-2394\" srcset=\"https:\/\/www.dalmatien-online.de\/wp-content\/uploads\/2020\/06\/A-Omi\u0161-nemira-5-1-1024x683.jpg 1024w, https:\/\/www.dalmatien-online.de\/wp-content\/uploads\/2020\/06\/A-Omi\u0161-nemira-5-1-300x200.jpg 300w, https:\/\/www.dalmatien-online.de\/wp-content\/uploads\/2020\/06\/A-Omi\u0161-nemira-5-1-768x512.jpg 768w, https:\/\/www.dalmatien-online.de\/wp-content\/uploads\/2020\/06\/A-Omi\u0161-nemira-5-1-250x167.jpg 250w, https:\/\/www.dalmatien-online.de\/wp-content\/uploads\/2020\/06\/A-Omi\u0161-nemira-5-1-400x267.jpg 400w, https:\/\/www.dalmatien-online.de\/wp-content\/uploads\/2020\/06\/A-Omi\u0161-nemira-5-1.jpg 1500w\" sizes=\"auto, (max-width: 1024px) 100vw, 1024px\" \/><\/figure>\n\n\n\n<figure class=\"wp-block-image size-large\"><img loading=\"lazy\" decoding=\"async\" width=\"1024\" height=\"690\" src=\"https:\/\/www.dalmatien-online.de\/wp-content\/uploads\/2020\/06\/A-Omis-Strand-5-1024x690.jpg\" alt=\"\" class=\"wp-image-2395\" srcset=\"https:\/\/www.dalmatien-online.de\/wp-content\/uploads\/2020\/06\/A-Omis-Strand-5-1024x690.jpg 1024w, https:\/\/www.dalmatien-online.de\/wp-content\/uploads\/2020\/06\/A-Omis-Strand-5-300x202.jpg 300w, https:\/\/www.dalmatien-online.de\/wp-content\/uploads\/2020\/06\/A-Omis-Strand-5-768x518.jpg 768w, https:\/\/www.dalmatien-online.de\/wp-content\/uploads\/2020\/06\/A-Omis-Strand-5-1536x1035.jpg 1536w, https:\/\/www.dalmatien-online.de\/wp-content\/uploads\/2020\/06\/A-Omis-Strand-5-250x169.jpg 250w, https:\/\/www.dalmatien-online.de\/wp-content\/uploads\/2020\/06\/A-Omis-Strand-5.jpg 1543w\" sizes=\"auto, (max-width: 1024px) 100vw, 1024px\" \/><\/figure>\n\n\n\n<figure class=\"wp-block-image size-large\"><img loading=\"lazy\" decoding=\"async\" width=\"1024\" height=\"683\" src=\"https:\/\/www.dalmatien-online.de\/wp-content\/uploads\/2020\/06\/A-Omis-Strand-3-1024x683.jpg\" alt=\"\" class=\"wp-image-2396\" srcset=\"https:\/\/www.dalmatien-online.de\/wp-content\/uploads\/2020\/06\/A-Omis-Strand-3-1024x683.jpg 1024w, https:\/\/www.dalmatien-online.de\/wp-content\/uploads\/2020\/06\/A-Omis-Strand-3-300x200.jpg 300w, https:\/\/www.dalmatien-online.de\/wp-content\/uploads\/2020\/06\/A-Omis-Strand-3-768x512.jpg 768w, https:\/\/www.dalmatien-online.de\/wp-content\/uploads\/2020\/06\/A-Omis-Strand-3-250x167.jpg 250w, https:\/\/www.dalmatien-online.de\/wp-content\/uploads\/2020\/06\/A-Omis-Strand-3-400x267.jpg 400w, https:\/\/www.dalmatien-online.de\/wp-content\/uploads\/2020\/06\/A-Omis-Strand-3.jpg 1500w\" sizes=\"auto, (max-width: 1024px) 100vw, 1024px\" \/><\/figure>\n\n\n\n<figure class=\"wp-block-image size-large\"><img loading=\"lazy\" decoding=\"async\" width=\"1024\" height=\"683\" src=\"https:\/\/www.dalmatien-online.de\/wp-content\/uploads\/2020\/06\/A-Duce-pas-10-19-1-1024x683.jpg\" alt=\"\" class=\"wp-image-2440\" srcset=\"https:\/\/www.dalmatien-online.de\/wp-content\/uploads\/2020\/06\/A-Duce-pas-10-19-1-1024x683.jpg 1024w, https:\/\/www.dalmatien-online.de\/wp-content\/uploads\/2020\/06\/A-Duce-pas-10-19-1-300x200.jpg 300w, https:\/\/www.dalmatien-online.de\/wp-content\/uploads\/2020\/06\/A-Duce-pas-10-19-1-768x512.jpg 768w, https:\/\/www.dalmatien-online.de\/wp-content\/uploads\/2020\/06\/A-Duce-pas-10-19-1-250x167.jpg 250w, https:\/\/www.dalmatien-online.de\/wp-content\/uploads\/2020\/06\/A-Duce-pas-10-19-1-400x267.jpg 400w, https:\/\/www.dalmatien-online.de\/wp-content\/uploads\/2020\/06\/A-Duce-pas-10-19-1.jpg 1500w\" sizes=\"auto, (max-width: 1024px) 100vw, 1024px\" \/><\/figure>\n\n\n\n<figure class=\"wp-block-image size-large\"><img loading=\"lazy\" decoding=\"async\" width=\"1024\" height=\"683\" src=\"https:\/\/www.dalmatien-online.de\/wp-content\/uploads\/2020\/06\/A-Omis-Strand-4-1024x683.jpg\" alt=\"\" class=\"wp-image-2397\" srcset=\"https:\/\/www.dalmatien-online.de\/wp-content\/uploads\/2020\/06\/A-Omis-Strand-4-1024x683.jpg 1024w, https:\/\/www.dalmatien-online.de\/wp-content\/uploads\/2020\/06\/A-Omis-Strand-4-300x200.jpg 300w, https:\/\/www.dalmatien-online.de\/wp-content\/uploads\/2020\/06\/A-Omis-Strand-4-768x512.jpg 768w, https:\/\/www.dalmatien-online.de\/wp-content\/uploads\/2020\/06\/A-Omis-Strand-4-250x167.jpg 250w, https:\/\/www.dalmatien-online.de\/wp-content\/uploads\/2020\/06\/A-Omis-Strand-4-400x267.jpg 400w, https:\/\/www.dalmatien-online.de\/wp-content\/uploads\/2020\/06\/A-Omis-Strand-4.jpg 1500w\" sizes=\"auto, (max-width: 1024px) 100vw, 1024px\" \/><figcaption><strong><a href=\"https:\/\/www.dalmatien-online.de\/en\/omis\/\">BACK<\/a><\/strong><\/figcaption><\/figure>\n\n\n\n<hr class=\"wp-block-separator\"\/>","protected":false},"excerpt":{"rendered":"","protected":false},"author":2,"featured_media":0,"parent":0,"menu_order":0,"comment_status":"closed","ping_status":"closed","template":"","meta":{"footnotes":"","_links_to":"","_links_to_target":""},"tags":[],"class_list":["post-2388","page","type-page","status-publish","hentry"],"_links":{"self":[{"href":"https:\/\/www.dalmatien-online.de\/en\/wp-json\/wp\/v2\/pages\/2388","targetHints":{"allow":["GET"]}}],"collection":[{"href":"https:\/\/www.dalmatien-online.de\/en\/wp-json\/wp\/v2\/pages"}],"about":[{"href":"https:\/\/www.dalmatien-online.de\/en\/wp-json\/wp\/v2\/types\/page"}],"author":[{"embeddable":true,"href":"https:\/\/www.dalmatien-online.de\/en\/wp-json\/wp\/v2\/users\/2"}],"replies":[{"embeddable":true,"href":"https:\/\/www.dalmatien-online.de\/en\/wp-json\/wp\/v2\/comments?post=2388"}],"version-history":[{"count":4,"href":"https:\/\/www.dalmatien-online.de\/en\/wp-json\/wp\/v2\/pages\/2388\/revisions"}],"predecessor-version":[{"id":3303,"href":"https:\/\/www.dalmatien-online.de\/en\/wp-json\/wp\/v2\/pages\/2388\/revisions\/3303"}],"wp:attachment":[{"href":"https:\/\/www.dalmatien-online.de\/en\/wp-json\/wp\/v2\/media?parent=2388"}],"wp:term":[{"taxonomy":"post_tag","embeddable":true,"href":"https:\/\/www.dalmatien-online.de\/en\/wp-json\/wp\/v2\/tags?post=2388"}],"curies":[{"name":"wp","href":"https:\/\/api.w.org\/{rel}","templated":true}]}}

Omiš beaches

<figure class="wp-block-image size-large"><img loading="lazy" decoding="async" width="1024" height="231" src="https://www.dalmatien-online.de/wp-content/uploads/2020/06/0-D-O-Omiš-beaches-t-1024x231.jpg" alt="" class="wp-image-3302" srcset="https://www.dalmatien-online.de/wp-content/uploads/2020/06/0-D-O-Omiš-beaches-t-1024x231.jpg 1024w, https://www.dalmatien-online.de/wp-content/uploads/2020/06/0-D-O-Omiš-beaches-t-300x68.jpg 300w, https://www.dalmatien-online.de/wp-content/uploads/2020/06/0-D-O-Omiš-beaches-t-768x173.jpg 768w, https://www.dalmatien-online.de/wp-content/uploads/2020/06/0-D-O-Omiš-beaches-t-250x56.jpg 250w, https://www.dalmatien-online.de/wp-content/uploads/2020/06/0-D-O-Omiš-beaches-t.jpg 1500w" sizes="auto, (max-width: 1024px) 100vw, 1024px" /><figcaption>The extensive beaches of Omiš are very popular with bathing vacationers, whether in Omiš directly on the Velika plaža (large beach), in the south on the Brzet beach or in the north of the Galeb beach at <strong><a rel="noreferrer noopener" href="https://www.kamp.galeb.hr/en/" target="_blank">eponymous camp not far from the city.</a></strong> The photos below were taken in late autumn.</figcaption></figure>



<figure class="wp-block-image size-large"><img loading="lazy" decoding="async" width="1024" height="683" src="https://www.dalmatien-online.de/wp-content/uploads/2020/06/A-Strände-Omis-2-1024x683.jpg" alt="" class="wp-image-2437" srcset="https://www.dalmatien-online.de/wp-content/uploads/2020/06/A-Strände-Omis-2-1024x683.jpg 1024w, https://www.dalmatien-online.de/wp-content/uploads/2020/06/A-Strände-Omis-2-300x200.jpg 300w, https://www.dalmatien-online.de/wp-content/uploads/2020/06/A-Strände-Omis-2-768x512.jpg 768w, https://www.dalmatien-online.de/wp-content/uploads/2020/06/A-Strände-Omis-2-250x167.jpg 250w, https://www.dalmatien-online.de/wp-content/uploads/2020/06/A-Strände-Omis-2-400x267.jpg 400w, https://www.dalmatien-online.de/wp-content/uploads/2020/06/A-Strände-Omis-2.jpg 1500w" sizes="auto, (max-width: 1024px) 100vw, 1024px" /></figure>



<figure class="wp-block-image size-large"><img loading="lazy" decoding="async" width="1024" height="683" src="https://www.dalmatien-online.de/wp-content/uploads/2020/06/A-Strände-Omis-1-1024x683.jpg" alt="" class="wp-image-2439" srcset="https://www.dalmatien-online.de/wp-content/uploads/2020/06/A-Strände-Omis-1-1024x683.jpg 1024w, https://www.dalmatien-online.de/wp-content/uploads/2020/06/A-Strände-Omis-1-300x200.jpg 300w, https://www.dalmatien-online.de/wp-content/uploads/2020/06/A-Strände-Omis-1-768x512.jpg 768w, https://www.dalmatien-online.de/wp-content/uploads/2020/06/A-Strände-Omis-1-250x167.jpg 250w, https://www.dalmatien-online.de/wp-content/uploads/2020/06/A-Strände-Omis-1-400x267.jpg 400w, https://www.dalmatien-online.de/wp-content/uploads/2020/06/A-Strände-Omis-1.jpg 1500w" sizes="auto, (max-width: 1024px) 100vw, 1024px" /></figure>



<p></p>



<figure class="wp-block-image size-large"><img loading="lazy" decoding="async" width="683" height="1024" src="https://www.dalmatien-online.de/wp-content/uploads/2020/06/A-Omiš-nemira-8-683x1024.jpg" alt="" class="wp-image-2389" srcset="https://www.dalmatien-online.de/wp-content/uploads/2020/06/A-Omiš-nemira-8-683x1024.jpg 683w, https://www.dalmatien-online.de/wp-content/uploads/2020/06/A-Omiš-nemira-8-200x300.jpg 200w, https://www.dalmatien-online.de/wp-content/uploads/2020/06/A-Omiš-nemira-8-768x1152.jpg 768w, https://www.dalmatien-online.de/wp-content/uploads/2020/06/A-Omiš-nemira-8-250x375.jpg 250w, https://www.dalmatien-online.de/wp-content/uploads/2020/06/A-Omiš-nemira-8.jpg 1000w" sizes="auto, (max-width: 683px) 100vw, 683px" /></figure>



<figure class="wp-block-image size-large"><img loading="lazy" decoding="async" width="1024" height="683" src="https://www.dalmatien-online.de/wp-content/uploads/2020/06/A-Omiš-nemira-6-1024x683.jpg" alt="" class="wp-image-2391" srcset="https://www.dalmatien-online.de/wp-content/uploads/2020/06/A-Omiš-nemira-6-1024x683.jpg 1024w, https://www.dalmatien-online.de/wp-content/uploads/2020/06/A-Omiš-nemira-6-300x200.jpg 300w, https://www.dalmatien-online.de/wp-content/uploads/2020/06/A-Omiš-nemira-6-768x512.jpg 768w, https://www.dalmatien-online.de/wp-content/uploads/2020/06/A-Omiš-nemira-6-250x167.jpg 250w, https://www.dalmatien-online.de/wp-content/uploads/2020/06/A-Omiš-nemira-6-400x267.jpg 400w, https://www.dalmatien-online.de/wp-content/uploads/2020/06/A-Omiš-nemira-6.jpg 1500w" sizes="auto, (max-width: 1024px) 100vw, 1024px" /></figure>



<figure class="wp-block-image size-large"><img loading="lazy" decoding="async" width="683" height="1024" src="https://www.dalmatien-online.de/wp-content/uploads/2020/06/A-Omis-fortica-18-2-683x1024.jpg" alt="" class="wp-image-2390" srcset="https://www.dalmatien-online.de/wp-content/uploads/2020/06/A-Omis-fortica-18-2-683x1024.jpg 683w, https://www.dalmatien-online.de/wp-content/uploads/2020/06/A-Omis-fortica-18-2-200x300.jpg 200w, https://www.dalmatien-online.de/wp-content/uploads/2020/06/A-Omis-fortica-18-2-768x1152.jpg 768w, https://www.dalmatien-online.de/wp-content/uploads/2020/06/A-Omis-fortica-18-2-1024x1536.jpg 1024w, https://www.dalmatien-online.de/wp-content/uploads/2020/06/A-Omis-fortica-18-2-250x375.jpg 250w, https://www.dalmatien-online.de/wp-content/uploads/2020/06/A-Omis-fortica-18-2.jpg 1080w" sizes="auto, (max-width: 683px) 100vw, 683px" /></figure>



<figure class="wp-block-image size-large"><img loading="lazy" decoding="async" width="1024" height="683" src="https://www.dalmatien-online.de/wp-content/uploads/2020/06/A-Omiš-nemira-5-1-1024x683.jpg" alt="" class="wp-image-2394" srcset="https://www.dalmatien-online.de/wp-content/uploads/2020/06/A-Omiš-nemira-5-1-1024x683.jpg 1024w, https://www.dalmatien-online.de/wp-content/uploads/2020/06/A-Omiš-nemira-5-1-300x200.jpg 300w, https://www.dalmatien-online.de/wp-content/uploads/2020/06/A-Omiš-nemira-5-1-768x512.jpg 768w, https://www.dalmatien-online.de/wp-content/uploads/2020/06/A-Omiš-nemira-5-1-250x167.jpg 250w, https://www.dalmatien-online.de/wp-content/uploads/2020/06/A-Omiš-nemira-5-1-400x267.jpg 400w, https://www.dalmatien-online.de/wp-content/uploads/2020/06/A-Omiš-nemira-5-1.jpg 1500w" sizes="auto, (max-width: 1024px) 100vw, 1024px" /></figure>



<figure class="wp-block-image size-large"><img loading="lazy" decoding="async" width="1024" height="690" src="https://www.dalmatien-online.de/wp-content/uploads/2020/06/A-Omis-Strand-5-1024x690.jpg" alt="" class="wp-image-2395" srcset="https://www.dalmatien-online.de/wp-content/uploads/2020/06/A-Omis-Strand-5-1024x690.jpg 1024w, https://www.dalmatien-online.de/wp-content/uploads/2020/06/A-Omis-Strand-5-300x202.jpg 300w, https://www.dalmatien-online.de/wp-content/uploads/2020/06/A-Omis-Strand-5-768x518.jpg 768w, https://www.dalmatien-online.de/wp-content/uploads/2020/06/A-Omis-Strand-5-1536x1035.jpg 1536w, https://www.dalmatien-online.de/wp-content/uploads/2020/06/A-Omis-Strand-5-250x169.jpg 250w, https://www.dalmatien-online.de/wp-content/uploads/2020/06/A-Omis-Strand-5.jpg 1543w" sizes="auto, (max-width: 1024px) 100vw, 1024px" /></figure>



<figure class="wp-block-image size-large"><img loading="lazy" decoding="async" width="1024" height="683" src="https://www.dalmatien-online.de/wp-content/uploads/2020/06/A-Omis-Strand-3-1024x683.jpg" alt="" class="wp-image-2396" srcset="https://www.dalmatien-online.de/wp-content/uploads/2020/06/A-Omis-Strand-3-1024x683.jpg 1024w, https://www.dalmatien-online.de/wp-content/uploads/2020/06/A-Omis-Strand-3-300x200.jpg 300w, https://www.dalmatien-online.de/wp-content/uploads/2020/06/A-Omis-Strand-3-768x512.jpg 768w, https://www.dalmatien-online.de/wp-content/uploads/2020/06/A-Omis-Strand-3-250x167.jpg 250w, https://www.dalmatien-online.de/wp-content/uploads/2020/06/A-Omis-Strand-3-400x267.jpg 400w, https://www.dalmatien-online.de/wp-content/uploads/2020/06/A-Omis-Strand-3.jpg 1500w" sizes="auto, (max-width: 1024px) 100vw, 1024px" /></figure>



<figure class="wp-block-image size-large"><img loading="lazy" decoding="async" width="1024" height="683" src="https://www.dalmatien-online.de/wp-content/uploads/2020/06/A-Duce-pas-10-19-1-1024x683.jpg" alt="" class="wp-image-2440" srcset="https://www.dalmatien-online.de/wp-content/uploads/2020/06/A-Duce-pas-10-19-1-1024x683.jpg 1024w, https://www.dalmatien-online.de/wp-content/uploads/2020/06/A-Duce-pas-10-19-1-300x200.jpg 300w, https://www.dalmatien-online.de/wp-content/uploads/2020/06/A-Duce-pas-10-19-1-768x512.jpg 768w, https://www.dalmatien-online.de/wp-content/uploads/2020/06/A-Duce-pas-10-19-1-250x167.jpg 250w, https://www.dalmatien-online.de/wp-content/uploads/2020/06/A-Duce-pas-10-19-1-400x267.jpg 400w, https://www.dalmatien-online.de/wp-content/uploads/2020/06/A-Duce-pas-10-19-1.jpg 1500w" sizes="auto, (max-width: 1024px) 100vw, 1024px" /></figure>



<figure class="wp-block-image size-large"><img loading="lazy" decoding="async" width="1024" height="683" src="https://www.dalmatien-online.de/wp-content/uploads/2020/06/A-Omis-Strand-4-1024x683.jpg" alt="" class="wp-image-2397" srcset="https://www.dalmatien-online.de/wp-content/uploads/2020/06/A-Omis-Strand-4-1024x683.jpg 1024w, https://www.dalmatien-online.de/wp-content/uploads/2020/06/A-Omis-Strand-4-300x200.jpg 300w, https://www.dalmatien-online.de/wp-content/uploads/2020/06/A-Omis-Strand-4-768x512.jpg 768w, https://www.dalmatien-online.de/wp-content/uploads/2020/06/A-Omis-Strand-4-250x167.jpg 250w, https://www.dalmatien-online.de/wp-content/uploads/2020/06/A-Omis-Strand-4-400x267.jpg 400w, https://www.dalmatien-online.de/wp-content/uploads/2020/06/A-Omis-Strand-4.jpg 1500w" sizes="auto, (max-width: 1024px) 100vw, 1024px" /><figcaption><strong><a href="https://www.dalmatien-online.de/en/omis/">BACK</a></strong></figcaption></figure>



<hr class="wp-block-separator"/>
